.
23
Let w = 7 - 10. Let r be w*(0 + 8/(-6)). Suppose r*l - 15 = 21. List the prime factors of l.
3
Let j = -5 - -5. Suppose j = 2*f - 5*f. Suppose l - 5*l + 48 = f. List the prime factors of l.
2, 3
List the prime factors of 58*1/(-4)*-2.
29
Let x(l) = 2*l**2 + l + 3. Let a be x(3). Suppose a = -0*h + 4*h. List the prime factors of h.
2, 3
Let z(n) = n**3 + 5*n**2 + 2*n - 3. Let h be z(-4). Let c(g) = -g - h + 3 + 3*g. List the prime factors of c(4).
2, 3
Let i(n) = n**2 - 7*n. Let t be i(6). Let j be (-16)/t + (-4)/6. Suppose 5*o = -5*a + 30, a - 16 = -j*o + 3*a. List the prime factors of o.
7
Let y(r) = r - 2. Let g be y(4). Let o = g - 10. List the prime factors of 0*3/3 - o.
2
Suppose -5*q + 3*q = -26. List the prime factors of q.
13
Let u(c) = 4*c - 3. Let g be u(2). Let x(a) = a**2 + a + 2. What are the prime factors of x(g)?
2
Suppose -3*h - 1 = 2. Let x be -2 - (2*h + 8). List the prime factors of 2/x - (-37)/4.
3
Let m(h) = 8*h - 7*h - 19*h - 2 + 1. List the prime factors of m(-1).
17
Let g(w) = -54*w + 4. Let n be g(3). Let l = -103 - n. Suppose 31 = 3*o - z + 3*z, 5*z = -5*o + l. What are the prime factors of o?
3
Suppose 0 = 4*m - 2 - 14. What are the prime factors of m?
2
Suppose -t - 7 = -2*z - 1, -z + 13 = 2*t. Suppose 5 = -z*b + 15. What are the prime factors of b?
2
Suppose 0 = -0*l - 12*l + 624. What are the prime factors of l?
2, 13
Let b = -32 - -81. List the prime factors of b.
7
What are the prime factors of ((-4)/(-10))/((-10)/(-50))?
2
List the prime factors of 134 - -2*3/(-2).
131
Let h = 27 + -21. Suppose 2*u - i = h*u - 207, -5*u + 2*i = -275. List the prime factors of u.
53
Suppose g = -0*q + 4*q - 25, 4*g = -4*q. Suppose -q*y + 3 = -37. List the prime factors of y.
2
Let x = -3 + 7. Suppose x*s = 3*s + 10. List the prime factors of s.
2, 5
Let n(m) = 4*m**2 + m - 20. List the prime factors of n(6).
2, 5, 13
Let j = 4 + 0. Suppose j*p - 10 = -p. What are the prime factors of p?
2
Let f(h) = 32*h**3 - h + 1. Suppose -1 = 5*w - 6. List the prime factors of f(w).
2
Suppose -3*x = -m + 2*x + 70, -2*x = -6. What are the prime factors of m?
5, 17
Let k(r) = -3*r**3 - 6*r**2 + 6*r - 6. Suppose -5*v + v - 5 = 5*c, -4*v + 4*c = 32. Let u be k(v). List the prime factors of (u/(-18))/((-2)/4).
3, 7
Let v(i) = -i**2 - 3*i - 1. Let s be v(-1). Let p(r) = 29*r**2 - r + 2. List the prime factors of p(s).
2, 3, 5
Let x(z) = -z + 17. Let y(u) = -1. Let l(r) = x(r) + 5*y(r). List the prime factors of l(5).
7
Let f(k) = -2*k + 10 + 3*k + 0*k. List the prime factors of f(7).
17
Suppose 25 = -5*p, 3*p + 60 = 3*z + 2*z. Let v be z - -3 - 2*1. What are the prime factors of ((-15)/(-2))/(5/v)?
3, 5
Let l = 42 - 61. Let d = -6 - l. What are the prime factors of d?
13
Let x be -2 + 5 + 7 + -3. Let w = -5 + x. Suppose -4*d - w = 2*j, 2*j - d + 4 = 3*j. What are the prime factors of j?
3
What are the prime factors of 20/(-6)*(-60)/25?
2
Let h(r) = r**2 - r + 4. Let j be h(6). Let y be 1/((-2)/j)*1. Let q = y + 28. What are the prime factors of q?
11
Suppose -9 = -a - 3. Let j(h) = -2*h - 10. Let z be j(-9). Let p = z - a. What are the prime factors of p?
2
Let n(z) = -2*z + 4. Let q be n(-2). Suppose 3*t = -q + 107. What are the prime factors of t?
3, 11
Let a = 306 + -131. List the prime factors of a.
5, 7
Let m(h) = 12*h - 7. What are the prime factors of m(3)?
29
Let k = 9 - 10. What are the prime factors of (k + 0)/((-2)/46)?
23
Let y = 63 + -10. List the prime factors of y.
53
Suppose -s = 1 - 17. Suppose 4*g + 0*h - s = 2*h, 3*h - 8 = -2*g. List the prime factors of g.
2
Let i(f) = -2*f + 11. Let a be i(-6). Let x = -8 + a. List the prime factors of x.
3, 5
Let j(t) be the third derivative of t**5/60 + t**4/24 + t**3/3 - 2*t**2. Let m be j(-2). Suppose -17 = -m*f + 11. What are the prime factors of f?
7
Suppose -a - 245 = -6*a + 3*h, 3*a + 4*h = 118. What are the prime factors of a?
2, 23
Let n(h) = -2*h - 5. Let p be n(-9). Suppose r - 13 - p = 5*j, 2*j = 4*r - 68. What are the prime factors of r?
2
Suppose 0 = -12*f + 9*f + 414. List the prime factors of f.
2, 3, 23
Suppose -4*h - 10 = -3*a - 447, -590 = -5*h - 5*a. List the prime factors of h.
113
Suppose 0 = -5*c + 41 + 149. List the prime factors of c.
2, 19
Let v(r) = 4*r + 11. List the prime factors of v(6).
5, 7
Let p(h) = -h**2 - 6*h + 4. Let t be p(-6). Let l(m) = m**2 - 4*m + 5. Let r be l(t). Suppose -8 - r = -x. What are the prime factors of x?
13
Suppose 3*s = 2*s - 27. Let o = -4 - s. Let v = o + -11. What are the prime factors of v?
2, 3
Let q be (-22 - (-4 + 0)) + 4. Let d = q - -46. What are the prime factors of d?
2
Let m(k) = k**2 - k - 1. Let h be -1 + -1 - (1 - 2). Let x(a) = -a**3 - 12*a**2 - a - 2. Let p(b) = h*x(b) - 5*m(b). What are the prime factors of p(-6)?
7
Let v(w) = w + 10. Let x be (14/8)/((-5)/20). Let l be v(x). Suppose -3*m = -9 - l. What are the prime factors of m?
2
Let t(q) = -q**3 - 13*q**2 + q + 17. Let g be t(-13). Suppose g*w = 4*v + 96, 3*w - v = -6*v + 48. List the prime factors of w.
3, 7
Let i = 0 + 19. List the prime factors of i.
19
Suppose 0 = -o + 3*p + 66, 3*p - 54 = -5*o + 348. What are the prime factors of o?
2, 3, 13
Let n = -11 + 15. Suppose -n*l - d + 106 = 0, -70 = -6*l + 3*l + 4*d. What are the prime factors of l?
2, 13
Suppose -3*v - 1568 = -158. List the prime factors of (2/(-4))/(5/v).
47
List the prime factors of 3*-3*148/(-36).
37
Let g(q) = 0 - 6 - 4*q + 3*q - 3. Let n be g(-9). Suppose n = -0*z - z + 15. List the prime factors of z.
3, 5
Let v(d) = 2*d - 1. List the prime factors of v(11).
3, 7
Let y(w) = -w**2 + 13*w + 3. Suppose -5*b - 38 + 88 = 0. List the prime factors of y(b).
3, 11
Suppose 0 = 5*q - 5*h + 10, 2*q + 26 = -3*q - 3*h. List the prime factors of 66/8 + 1/q.
2
Let w(f) = f - 1. Let h(v) = 6*v - 8. Let p(q) = -h(q) + 5*w(q). Let n be p(-7). Let s = 23 - n. What are the prime factors of s?
13
What are the prime factors of -6 + (-116)/(-20) - 1592/(-10)?
3, 53
Suppose 0*s - 3*z - 13 = -4*s, 5*z + 15 = 5*s. Suppose 2*o - 7 = -c, -o - s*c + 16 = 2. Suppose -o*b = f - 21, f - 6 = -b - f. What are the prime factors of b?
2, 3
Let c(g) = -25*g**3 + 2*g + 1. What are the prime factors of c(-1)?
2, 3
Let r(v) = v + 20. Let z be r(-12). Let a = -6 + z. Suppose -a*d - 64 = -6*d. List the prime factors of d.
2
Let y = 17 - 13. Suppose 4*v + 4*t - 248 = -t, -5*v + y*t = -269. List the prime factors of v.
3, 19
Let d(i) = -i - 6. Let u be d(-6). Suppose -5 = -k + 1. Suppose u = -w + k*w - 50. List the prime factors of w.
2, 5
Let r(p) = p + 10. Let g be r(-6). Suppose g*w - 17 = -5. Suppose 4*x - 60 = 4*o, 4*x - 68 = w*o - o. What are the prime factors of x?
19
Suppose 3 + 12 = 3*t. Suppose 4 = -2*h, -5*n - 2*h + 3*h - 23 = 0. Let c = t - n. What are the prime factors of c?
2, 5
Let r be (0 - 0)*(-5)/15. Suppose r = t - h + 5 - 23, 5*t + h = 60. What are the prime factors of t?
13
Let h(i) = -2*i**3 + 10*i**2 + i + 2. Let f(m) = -2*m**3 + 11*m**2 + 2*m + 2. Let r(a) = 5*f(a) - 6*h(a). What are the prime factors of r(3)?
19
Let l be 0 + (-2 - -4) - 36. Let v = -20 - l. List the prime factors of v.
2, 7
Suppose 4*g = 2*g + 8. Suppose -3*b - g = -4*s, 5*b = 2*b + 3*s. Suppose b*d + 0*p - 31 = 5*p, -3*d = -3*p - 21. List the prime factors of d.
2
Let b be 4/((-2)/(-12)*4). Let k be 74/b - (-2)/(-6). Let u = -7 + k. What are the prime factors of u?
5
Let q = -49 - -94. Suppose -3*k - 4*t = -q, -t - 13 = -k - 5. List the prime factors of k.
11
What are the prime factors of (-5)/(20/12) - -11?
2
Suppose 6*c - 2*c = 3*z - 98, 0 = 2*z + 3*c - 54. List the prime factors of z.
2, 3, 5
Let n(p) = p**3 - 6*p**2 - p + 6. Let u be n(6). Suppose -2*h - 4 + u = 0. List the prime factors of (2/h)/((-1)/2).
2
Let r be 4/(-14) + 27/21. Let q = 0 + r. Let h(n) = 10*n**3 - n**2 + n - 1. List the prime factors of h(q).
3
Let n = 0 + 2. Suppose 0 = -2*l - n*l + 44. List the prime factors of l.
11
Let t(q) = -8*q + 3. What are the prime factors of t(-2)?
19
Let c(a) = -21*a + 14. List the prime factors of c(-7).
7, 23
Let y(a) = a + 8. Let p be y(-6). Suppose 3*m + 5*h = 34, 2*m = -2*m + 3*h - 3. Suppose 3*g = 5*o + 49, m = g + 3*o - p*o. List the prime factors of g.
2
Let f(g) = g**3 + 8*g**2 - 6*g - 4. Let k be f(-6). Let l = -62 + k. L